{"id":12258,"date":"2023-08-31T08:40:01","date_gmt":"2023-08-31T06:40:01","guid":{"rendered":"https:\/\/gymnasium-bad-freienwalde.de\/1neuhp\/?post_type=tribe_events&#038;p=12258"},"modified":"2023-08-31T09:10:37","modified_gmt":"2023-08-31T07:10:37","slug":"elternversammlungen-am-13-09-2023-mit-anschliessendem-grillen","status":"publish","type":"tribe_events","link":"https:\/\/gymnasium-bad-freienwalde.de\/1neuhp\/event\/elternversammlungen-am-13-09-2023-mit-anschliessendem-grillen\/","title":{"rendered":"Elternversammlungen am 13.09.2023 mit anschlie\u00dfendem Grillen"},"content":{"rendered":"<p>Klassen 7-10 ab 18:00 Uhr in den Klassenr\u00e4umen<br \/>\nKlasse 11 ab 17:30 Uhr in der Aula<br \/>\nKlasse 12 ab 18:00 Uhr in der Cafeteria<\/p>\n<p>Wahlen der Elternvertretungen:<br \/>\nPro Klasse zwei Elternsprecher und zwei Stellvertreter<br \/>\nVorschl\u00e4ge f\u00fcr die Vertretungen in der Schulkonferenz, Lehrerkonferenz, Sch\u00fclerkonferenz, Kreiselternrat und die Fachkonferenzen Deutsch, Mathe, Gewi, Fremdsprachen, Nawi und Sport. Diese werden dann auf der Elternkonferenz am 27.09.23 gew\u00e4hlt.<\/p>\n","protected":false},"excerpt":{"rendered":"<p>Klassen 7-10 ab 18:00 Uhr in den Klassenr\u00e4umen Klasse 11 ab 17:30 Uhr in der Aula Klasse 12 ab 18:00 Uhr in der Cafeteria Wahlen der Elternvertretungen: Pro Klasse zwei Elternsprecher und zwei Stellvertreter Vorschl\u00e4ge f\u00fcr die Vertretungen in der <a class=\"more-link\" href=\"https:\/\/gymnasium-bad-freienwalde.de\/1neuhp\/event\/elternversammlungen-am-13-09-2023-mit-anschliessendem-grillen\/\">weiterlesen&#8230;<\/a><\/p>\n","protected":false},"author":1,"featured_media":0,"template":"","meta":{"ngg_post_thumbnail":0,"_tribe_events_status":"","_tribe_events_status_reason":"","footnotes":""},"tags":[91],"tribe_events_cat":[89,90],"class_list":["post-12258","tribe_events","type-tribe_events","status-publish","hentry","tag-elternversammlung","tribe_events_cat-eltern","tribe_events_cat-schule","gallery-content-unit","cat_eltern","cat_schule"],"_links":{"self":[{"href":"https:\/\/gymnasium-bad-freienwalde.de\/1neuhp\/wp-json\/wp\/v2\/tribe_events\/12258","targetHints":{"allow":["GET"]}}],"collection":[{"href":"https:\/\/gymnasium-bad-freienwalde.de\/1neuhp\/wp-json\/wp\/v2\/tribe_events"}],"about":[{"href":"https:\/\/gymnasium-bad-freienwalde.de\/1neuhp\/wp-json\/wp\/v2\/types\/tribe_events"}],"author":[{"embeddable":true,"href":"https:\/\/gymnasium-bad-freienwalde.de\/1neuhp\/wp-json\/wp\/v2\/users\/1"}],"version-history":[{"count":3,"href":"https:\/\/gymnasium-bad-freienwalde.de\/1neuhp\/wp-json\/wp\/v2\/tribe_events\/12258\/revisions"}],"predecessor-version":[{"id":12269,"href":"https:\/\/gymnasium-bad-freienwalde.de\/1neuhp\/wp-json\/wp\/v2\/tribe_events\/12258\/revisions\/12269"}],"wp:attachment":[{"href":"https:\/\/gymnasium-bad-freienwalde.de\/1neuhp\/wp-json\/wp\/v2\/media?parent=12258"}],"wp:term":[{"taxonomy":"post_tag","embeddable":true,"href":"https:\/\/gymnasium-bad-freienwalde.de\/1neuhp\/wp-json\/wp\/v2\/tags?post=12258"},{"taxonomy":"tribe_events_cat","embeddable":true,"href":"https:\/\/gymnasium-bad-freienwalde.de\/1neuhp\/wp-json\/wp\/v2\/tribe_events_cat?post=12258"}],"curies":[{"name":"wp","href":"https:\/\/api.w.org\/{rel}","templated":true}]}}

Elternversammlungen am 13.09.2023 mit anschließendem Grillen

<p>Klassen 7-10 ab 18:00 Uhr in den Klassenräumen<br />
Klasse 11 ab 17:30 Uhr in der Aula<br />
Klasse 12 ab 18:00 Uhr in der Cafeteria</p>
<p>Wahlen der Elternvertretungen:<br />
Pro Klasse zwei Elternsprecher und zwei Stellvertreter<br />
Vorschläge für die Vertretungen in der Schulkonferenz, Lehrerkonferenz, Schülerkonferenz, Kreiselternrat und die Fachkonferenzen Deutsch, Mathe, Gewi, Fremdsprachen, Nawi und Sport. Diese werden dann auf der Elternkonferenz am 27.09.23 gewählt.</p>

<p>Klassen 7-10 ab 18:00 Uhr in den Klassenräumen Klasse 11 ab 17:30 Uhr in der Aula Klasse 12 ab 18:00 Uhr in der Cafeteria Wahlen der Elternvertretungen: Pro Klasse zwei Elternsprecher und zwei Stellvertreter Vorschläge für die Vertretungen in der <a class="more-link" href="https://gymnasium-bad-freienwalde.de/1neuhp/event/elternversammlungen-am-13-09-2023-mit-anschliessendem-grillen/">weiterlesen&#8230;</a></p>
