{"id":4339,"date":"2018-05-28T22:43:03","date_gmt":"2018-05-28T20:43:03","guid":{"rendered":"http:\/\/gymnasium-bad-freienwalde.de\/1neuhp\/?page_id=4339"},"modified":"2018-06-30T18:13:33","modified_gmt":"2018-06-30T16:13:33","slug":"tag-der-offenen-tuer","status":"publish","type":"page","link":"https:\/\/gymnasium-bad-freienwalde.de\/1neuhp\/tag-der-offenen-tuer\/","title":{"rendered":"Tag der offenen T\u00fcr"},"content":{"rendered":"<p><code>\n<!-- NOTE: If you need to make changes to this file, copy it to your current theme's main\n\tdirectory so your changes won't be overwritten when the plugin is upgraded. -->\n\n<!-- Post Wrap Start-->\n<div class=\"post hentry ivycat-post\">\n\n\t<!-- \tThis outputs the post TITLE -->\n\t<h2 class=\"entry-title\"><a href=\"https:\/\/gymnasium-bad-freienwalde.de\/1neuhp\/2025\/11\/03\/elternberatung-der-grundschulen-im-ue7-verfahren\/\">Elternberatung der Grundschulen im \u00dc7-Verfahren<\/a><\/h2>\n\n\t<!-- \tThis outputs the post EXCERPT.  To display full content including images and html,\n\t\treplace the_excerpt(); with the_content();  below. -->\n\t<div class=\"entry-summary\">\n\t\t<p>Traditionell findet an unserem Tag der offenen T\u00fcr am 07.11.25 um 17:00 Uhr auch die Beratung der Eltern der Sechstkl\u00e4ssler zum \u00dc7-Verfahren statt. Bildungsg\u00e4nge, Zugangsvoraussetzungen, Durchl\u00e4ssigkeit des Systems, Ablauf vom Gutachten \u00fcber die Anmeldung, Probeunterricht und R\u00fcckantwort. Grundlegende Informationen dazu <a class=\"more-link\" href=\"https:\/\/gymnasium-bad-freienwalde.de\/1neuhp\/2025\/11\/03\/elternberatung-der-grundschulen-im-ue7-verfahren\/\">weiterlesen&#8230;<\/a><\/p>\n\t<\/div>\n\n\t<!--\tThis outputs the post META information -->\n\t<div class=\"entry-utility\">\n\t\t\t\t\t<span class=\"cat-links\">\n\t\t\t\t<span class=\"entry-utility-prep entry-utility-prep-cat-links\">Posted in<\/span> <a href=\"https:\/\/gymnasium-bad-freienwalde.de\/1neuhp\/category\/aktuelle-beitraege\/\" rel=\"category tag\">Aktuelle Beitr\u00e4ge<\/a>, <a href=\"https:\/\/gymnasium-bad-freienwalde.de\/1neuhp\/category\/allgemein\/\" rel=\"category tag\">Allgemein<\/a>, <a href=\"https:\/\/gymnasium-bad-freienwalde.de\/1neuhp\/category\/tag-der-offenen-tuer\/\" rel=\"category tag\">Tag der offenen T\u00fcr<\/a>\t\t\t<\/span>\n\t\t\t<span class=\"meta-sep\">|<\/span>\n\t\t\t\t\t\t<span class=\"comments-link\">\n\t\t\t<span>Kommentare deaktiviert<span class=\"screen-reader-text\"> f\u00fcr Elternberatung der Grundschulen im \u00dc7-Verfahren<\/span><\/span>\t\t<\/span>\n\t\t\t<\/div>\n<\/div>\n<!-- \/\/ Post Wrap End -->\n\n<!-- NOTE: If you need to make changes to this file, copy it to your current theme's main\n\tdirectory so your changes won't be overwritten when the plugin is upgraded. -->\n\n<!-- Post Wrap Start-->\n<div class=\"post hentry ivycat-post\">\n\n\t<!-- \tThis outputs the post TITLE -->\n\t<h2 class=\"entry-title\"><a href=\"https:\/\/gymnasium-bad-freienwalde.de\/1neuhp\/2024\/10\/11\/herbstlicher-tag-der-offenen-tuer\/\">Herbstlicher Tag der offenen T\u00fcr<\/a><\/h2>\n\n\t<!-- \tThis outputs the post EXCERPT.  To display full content including images and html,\n\t\treplace the_excerpt(); with the_content();  below. -->\n\t<div class=\"entry-summary\">\n\t\t<p>Am 11.10.2024 fand der Tag der offenen T\u00fcr am Gymnasium &#8222;Bertolt Brecht&#8220;, welcher von den Seminarkursen des 11. Jahrgangs organisiert wurde, statt. In der Schule herrschte eine angenehme herbstliche Atmosph\u00e4re und viele Interessenten kamen, um unsere Schule zu erkunden. Das <a class=\"more-link\" href=\"https:\/\/gymnasium-bad-freienwalde.de\/1neuhp\/2024\/10\/11\/herbstlicher-tag-der-offenen-tuer\/\">weiterlesen&#8230;<\/a><\/p>\n\t<\/div>\n\n\t<!--\tThis outputs the post META information -->\n\t<div class=\"entry-utility\">\n\t\t\t\t\t<span class=\"cat-links\">\n\t\t\t\t<span class=\"entry-utility-prep entry-utility-prep-cat-links\">Posted in<\/span> <a href=\"https:\/\/gymnasium-bad-freienwalde.de\/1neuhp\/category\/aktuelle-beitraege\/\" rel=\"category tag\">Aktuelle Beitr\u00e4ge<\/a>, <a href=\"https:\/\/gymnasium-bad-freienwalde.de\/1neuhp\/category\/allgemein\/\" rel=\"category tag\">Allgemein<\/a>, <a href=\"https:\/\/gymnasium-bad-freienwalde.de\/1neuhp\/category\/tag-der-offenen-tuer\/\" rel=\"category tag\">Tag der offenen T\u00fcr<\/a>, <a href=\"https:\/\/gymnasium-bad-freienwalde.de\/1neuhp\/category\/schulleben\/veranstaltungen\/\" rel=\"category tag\">Veranstaltungen<\/a>\t\t\t<\/span>\n\t\t\t<span class=\"meta-sep\">|<\/span>\n\t\t\t\t\t\t<span class=\"comments-link\">\n\t\t\t<span>Kommentare deaktiviert<span class=\"screen-reader-text\"> f\u00fcr Herbstlicher Tag der offenen T\u00fcr<\/span><\/span>\t\t<\/span>\n\t\t\t<\/div>\n<\/div>\n<!-- \/\/ Post Wrap End -->\n<\/code><\/p>\n","protected":false},"excerpt":{"rendered":"","protected":false},"author":17,"featured_media":0,"parent":0,"menu_order":0,"comment_status":"closed","ping_status":"closed","template":"","meta":{"ngg_post_thumbnail":0,"footnotes":""},"class_list":["post-4339","page","type-page","status-publish","hentry","gallery-content-unit"],"_links":{"self":[{"href":"https:\/\/gymnasium-bad-freienwalde.de\/1neuhp\/wp-json\/wp\/v2\/pages\/4339","targetHints":{"allow":["GET"]}}],"collection":[{"href":"https:\/\/gymnasium-bad-freienwalde.de\/1neuhp\/wp-json\/wp\/v2\/pages"}],"about":[{"href":"https:\/\/gymnasium-bad-freienwalde.de\/1neuhp\/wp-json\/wp\/v2\/types\/page"}],"author":[{"embeddable":true,"href":"https:\/\/gymnasium-bad-freienwalde.de\/1neuhp\/wp-json\/wp\/v2\/users\/17"}],"replies":[{"embeddable":true,"href":"https:\/\/gymnasium-bad-freienwalde.de\/1neuhp\/wp-json\/wp\/v2\/comments?post=4339"}],"version-history":[{"count":2,"href":"https:\/\/gymnasium-bad-freienwalde.de\/1neuhp\/wp-json\/wp\/v2\/pages\/4339\/revisions"}],"predecessor-version":[{"id":4847,"href":"https:\/\/gymnasium-bad-freienwalde.de\/1neuhp\/wp-json\/wp\/v2\/pages\/4339\/revisions\/4847"}],"wp:attachment":[{"href":"https:\/\/gymnasium-bad-freienwalde.de\/1neuhp\/wp-json\/wp\/v2\/media?parent=4339"}],"curies":[{"name":"wp","href":"https:\/\/api.w.org\/{rel}","templated":true}]}}