{"id":4235,"date":"2018-05-28T19:05:00","date_gmt":"2018-05-28T17:05:00","guid":{"rendered":"http:\/\/gymnasium-bad-freienwalde.de\/1neuhp\/?page_id=4235"},"modified":"2024-09-09T12:58:46","modified_gmt":"2024-09-09T10:58:46","slug":"schulprogramm","status":"publish","type":"page","link":"https:\/\/gymnasium-bad-freienwalde.de\/1neuhp\/schulprogramm\/","title":{"rendered":"Schulprogramm"},"content":{"rendered":"\n<p>Unser Programm ist in st\u00e4ndiger \u00dcberarbeitung. Deshalb ist es in einer Online-Pinwand hinterlegt: Hier k\u00f6nnen alle Mitarbeiter der einzelnen Arbeitsgruppen miteinander arbeiten.<\/p>\n\n\n\n<p>Sie d\u00fcrfen gerne reinschauen:<\/p>\n\n\n\n<figure class=\"wp-block-image size-full\"><img loading=\"lazy\" decoding=\"async\" width=\"209\" height=\"209\" src=\"https:\/\/gymnasium-bad-freienwalde.de\/1neuhp\/wp-content\/uploads\/2024\/09\/image.png\" alt=\"\" class=\"wp-image-14106\" srcset=\"https:\/\/gymnasium-bad-freienwalde.de\/1neuhp\/wp-content\/uploads\/2024\/09\/image.png 209w, https:\/\/gymnasium-bad-freienwalde.de\/1neuhp\/wp-content\/uploads\/2024\/09\/image-150x150.png 150w\" sizes=\"auto, (max-width: 209px) 100vw, 209px\" \/><\/figure>\n\n\n\n<p><br><a href=\"https:\/\/opbb.bildung-brandenburg.de\/pl\/fbbf2d2900d1a7f94974210d905469e8\">https:\/\/opbb.bildung-brandenburg.de\/pl\/fbbf2d2900d1a7f94974210d905469e8<\/a><\/p>\n","protected":false},"excerpt":{"rendered":"<p>Unser Programm ist in st\u00e4ndiger \u00dcberarbeitung. Deshalb ist es in einer Online-Pinwand hinterlegt: Hier k\u00f6nnen alle Mitarbeiter der einzelnen Arbeitsgruppen miteinander arbeiten. Sie d\u00fcrfen gerne reinschauen: https:\/\/opbb.bildung-brandenburg.de\/pl\/fbbf2d2900d1a7f94974210d905469e8<\/p>\n","protected":false},"author":17,"featured_media":0,"parent":0,"menu_order":0,"comment_status":"closed","ping_status":"closed","template":"","meta":{"ngg_post_thumbnail":0,"footnotes":""},"class_list":["post-4235","page","type-page","status-publish","hentry","gallery-content-unit"],"_links":{"self":[{"href":"https:\/\/gymnasium-bad-freienwalde.de\/1neuhp\/wp-json\/wp\/v2\/pages\/4235","targetHints":{"allow":["GET"]}}],"collection":[{"href":"https:\/\/gymnasium-bad-freienwalde.de\/1neuhp\/wp-json\/wp\/v2\/pages"}],"about":[{"href":"https:\/\/gymnasium-bad-freienwalde.de\/1neuhp\/wp-json\/wp\/v2\/types\/page"}],"author":[{"embeddable":true,"href":"https:\/\/gymnasium-bad-freienwalde.de\/1neuhp\/wp-json\/wp\/v2\/users\/17"}],"replies":[{"embeddable":true,"href":"https:\/\/gymnasium-bad-freienwalde.de\/1neuhp\/wp-json\/wp\/v2\/comments?post=4235"}],"version-history":[{"count":2,"href":"https:\/\/gymnasium-bad-freienwalde.de\/1neuhp\/wp-json\/wp\/v2\/pages\/4235\/revisions"}],"predecessor-version":[{"id":14107,"href":"https:\/\/gymnasium-bad-freienwalde.de\/1neuhp\/wp-json\/wp\/v2\/pages\/4235\/revisions\/14107"}],"wp:attachment":[{"href":"https:\/\/gymnasium-bad-freienwalde.de\/1neuhp\/wp-json\/wp\/v2\/media?parent=4235"}],"curies":[{"name":"wp","href":"https:\/\/api.w.org\/{rel}","templated":true}]}}