{"id":15116,"date":"2025-11-07T13:22:43","date_gmt":"2025-11-07T12:22:43","guid":{"rendered":"https:\/\/gymnasium-bad-freienwalde.de\/1neuhp\/?page_id=15116"},"modified":"2026-03-27T14:57:48","modified_gmt":"2026-03-27T13:57:48","slug":"ue7","status":"publish","type":"page","link":"https:\/\/gymnasium-bad-freienwalde.de\/1neuhp\/ue7\/","title":{"rendered":"\u00dc7"},"content":{"rendered":"\n<p><strong>\u00dcbergang in die weiterf\u00fchrende Schule<\/strong><\/p>\n\n\n\n<p>Postausgang der Aufnahme &#8211; Briefe: <strong><mark style=\"background-color:rgba(0, 0, 0, 0)\" class=\"has-inline-color has-viking-color\">05.06.2026<\/mark><\/strong><\/p>\n\n\n\n<p>Downloads der wichtigsten Dokumente, Sie finden diese auch unter: <\/p>\n\n\n\n<div class=\"wp-block-media-text is-stacked-on-mobile\" style=\"grid-template-columns:15% auto\"><figure class=\"wp-block-media-text__media\"><img loading=\"lazy\" decoding=\"async\" width=\"386\" height=\"413\" src=\"https:\/\/gymnasium-bad-freienwalde.de\/1neuhp\/wp-content\/uploads\/2025\/11\/image-1.png\" alt=\"\" class=\"wp-image-15120 size-full\" srcset=\"https:\/\/gymnasium-bad-freienwalde.de\/1neuhp\/wp-content\/uploads\/2025\/11\/image-1.png 386w, https:\/\/gymnasium-bad-freienwalde.de\/1neuhp\/wp-content\/uploads\/2025\/11\/image-1-280x300.png 280w\" sizes=\"auto, (max-width: 386px) 100vw, 386px\" \/><\/figure><div class=\"wp-block-media-text__content\">\n<p><a href=\"https:\/\/mbjs.brandenburg.de\/bildung\/allgemeinbildende-schulen\/grundschule\/uebergang-in-die-sekundarstufe-i.html\">https:\/\/mbjs.brandenburg.de\/bildung\/allgemeinbildende-schulen\/grundschule\/uebergang-in-die-sekundarstufe-i.html<\/a><\/p>\n<\/div><\/div>\n\n\n\n<p><a href=\"https:\/\/gymnasium-bad-freienwalde.de\/1neuhp\/wp-content\/uploads\/2025\/11\/25_Beratung_EV-6.pdf\">Pr\u00e4sentation aus der Elternberatung am Tag der offenen T\u00fcr<\/a><\/p>\n\n\n\n<p><a href=\"https:\/\/gymnasium-bad-freienwalde.de\/1neuhp\/wp-content\/uploads\/2025\/11\/Informationen_fuer_Eltern_zum-Uebergangsverfahren.pdf\">Informationen f\u00fcr Eltern<\/a><\/p>\n\n\n\n<p><a href=\"https:\/\/gymnasium-bad-freienwalde.de\/1neuhp\/wp-content\/uploads\/2025\/11\/An_wen_muss_ich_mich_wenden.pdf\">An_wen_muss_ich_mich_wenden?<\/a><\/p>\n\n\n\n<p><a href=\"https:\/\/gymnasium-bad-freienwalde.de\/1neuhp\/wp-content\/uploads\/2025\/11\/Anmeldeformular_ue7_beschreibbar.pdf\">Anmeldeformular<\/a><\/p>\n\n\n\n<p><a href=\"https:\/\/gymnasium-bad-freienwalde.de\/1neuhp\/wp-content\/uploads\/2025\/11\/Hinweisschreiben_zum_Anmeldeformular_ue7.pdf\">Hinweisschreiben zum Anmeldeformular<\/a><\/p>\n\n\n\n<p><a href=\"https:\/\/gymnasium-bad-freienwalde.de\/1neuhp\/wp-content\/uploads\/2025\/11\/Informationen-zum-Probeunterricht.pdf\">Informationen zum Probeunterricht<\/a><\/p>\n\n\n\n<p><a href=\"https:\/\/gymnasium-bad-freienwalde.de\/1neuhp\/wp-content\/uploads\/2025\/11\/FAQs.pdf\">FAQ\u00b4s<\/a><\/p>\n\n\n\n<p><a href=\"https:\/\/gymnasium-bad-freienwalde.de\/1neuhp\/wp-content\/uploads\/2025\/11\/Uebersicht_Ablauf_Uebergangsverfahren.pdf\">Ablauf \u00dcbergangsverfahren<\/a><\/p>\n\n\n\n<p><a href=\"https:\/\/gymnasium-bad-freienwalde.de\/1neuhp\/wp-content\/uploads\/2025\/11\/Zeitplan_Verfahren_zum_Schuljahr_2026_27_Kurzfassung.pdf\">Zeitplan<\/a><\/p>\n\n\n<div class=\"wp-block-image\">\n<figure class=\"aligncenter size-full is-resized\"><img loading=\"lazy\" decoding=\"async\" width=\"1024\" height=\"1024\" src=\"https:\/\/gymnasium-bad-freienwalde.de\/1neuhp\/wp-content\/uploads\/2025\/11\/Gemini_Generated_Image_hj15l8hj15l8hj15.png\" alt=\"\" class=\"wp-image-15138\" style=\"width:361px;height:auto\" srcset=\"https:\/\/gymnasium-bad-freienwalde.de\/1neuhp\/wp-content\/uploads\/2025\/11\/Gemini_Generated_Image_hj15l8hj15l8hj15.png 1024w, https:\/\/gymnasium-bad-freienwalde.de\/1neuhp\/wp-content\/uploads\/2025\/11\/Gemini_Generated_Image_hj15l8hj15l8hj15-300x300.png 300w, https:\/\/gymnasium-bad-freienwalde.de\/1neuhp\/wp-content\/uploads\/2025\/11\/Gemini_Generated_Image_hj15l8hj15l8hj15-150x150.png 150w, https:\/\/gymnasium-bad-freienwalde.de\/1neuhp\/wp-content\/uploads\/2025\/11\/Gemini_Generated_Image_hj15l8hj15l8hj15-768x768.png 768w\" sizes=\"auto, (max-width: 1024px) 100vw, 1024px\" \/><\/figure><\/div>","protected":false},"excerpt":{"rendered":"<p>\u00dcbergang in die weiterf\u00fchrende Schule Postausgang der Aufnahme &#8211; Briefe: 05.06.2026 Downloads der wichtigsten Dokumente, Sie finden diese auch unter: https:\/\/mbjs.brandenburg.de\/bildung\/allgemeinbildende-schulen\/grundschule\/uebergang-in-die-sekundarstufe-i.html Pr\u00e4sentation aus der Elternberatung am Tag der offenen T\u00fcr Informationen f\u00fcr Eltern An_wen_muss_ich_mich_wenden? Anmeldeformular Hinweisschreiben zum Anmeldeformular Informationen zum <a class=\"more-link\" href=\"https:\/\/gymnasium-bad-freienwalde.de\/1neuhp\/ue7\/\">weiterlesen&#8230;<\/a><\/p>\n","protected":false},"author":1,"featured_media":0,"parent":0,"menu_order":0,"comment_status":"closed","ping_status":"closed","template":"","meta":{"ngg_post_thumbnail":0,"footnotes":""},"class_list":["post-15116","page","type-page","status-publish","hentry","gallery-content-unit"],"_links":{"self":[{"href":"https:\/\/gymnasium-bad-freienwalde.de\/1neuhp\/wp-json\/wp\/v2\/pages\/15116","targetHints":{"allow":["GET"]}}],"collection":[{"href":"https:\/\/gymnasium-bad-freienwalde.de\/1neuhp\/wp-json\/wp\/v2\/pages"}],"about":[{"href":"https:\/\/gymnasium-bad-freienwalde.de\/1neuhp\/wp-json\/wp\/v2\/types\/page"}],"author":[{"embeddable":true,"href":"https:\/\/gymnasium-bad-freienwalde.de\/1neuhp\/wp-json\/wp\/v2\/users\/1"}],"replies":[{"embeddable":true,"href":"https:\/\/gymnasium-bad-freienwalde.de\/1neuhp\/wp-json\/wp\/v2\/comments?post=15116"}],"version-history":[{"count":3,"href":"https:\/\/gymnasium-bad-freienwalde.de\/1neuhp\/wp-json\/wp\/v2\/pages\/15116\/revisions"}],"predecessor-version":[{"id":15418,"href":"https:\/\/gymnasium-bad-freienwalde.de\/1neuhp\/wp-json\/wp\/v2\/pages\/15116\/revisions\/15418"}],"wp:attachment":[{"href":"https:\/\/gymnasium-bad-freienwalde.de\/1neuhp\/wp-json\/wp\/v2\/media?parent=15116"}],"curies":[{"name":"wp","href":"https:\/\/api.w.org\/{rel}","templated":true}]}}