{"id":1343,"date":"2017-12-11T18:24:49","date_gmt":"2017-12-11T17:24:49","guid":{"rendered":"http:\/\/gymnasium-bad-freienwalde.de\/1neuhp\/?page_id=1343"},"modified":"2018-09-07T10:06:55","modified_gmt":"2018-09-07T08:06:55","slug":"1343-2","status":"publish","type":"page","link":"https:\/\/gymnasium-bad-freienwalde.de\/1neuhp\/unsere-schule\/1343-2\/","title":{"rendered":"Schulprofil \/ Schule in der Region &#8211; offen f\u00fcr die Welt"},"content":{"rendered":"<div class='white' style='background:rgba(0,0,0,0); border:solid 0px rgba(0,0,0,0); border-radius:0px; padding:0px 0px 0px 0px;'>\n<div id='slider_3413' class='owl-carousel sa_owl_theme owl-pagination-true autohide-arrows' data-slider-id='slider_3413' style='visibility:hidden;'>\n<div id='slider_3413_slide01' class='sa_hover_container' style='padding:5% 5%; margin:0px 0%; background-image:url(&quot;https:\/\/gymnasium-bad-freienwalde.de\/1neuhp\/wp-content\/uploads\/2017\/12\/20171009_122839-2.jpg&quot;); background-position:center center; background-size:cover; background-repeat:no-repeat; '><h4>&nbsp;<\/h4>\r\n<h4>&nbsp;<\/h4>\r\n<h4>&nbsp;<\/h4>\r\n<p style=\"text-align: right;\">&nbsp;<\/p>\r\n<p>&nbsp;<\/p>\r\n<h2 style=\"text-align: right;\"><span style=\"color: #ffffff;\">Unser neuer Schulhof<\/span><\/h2><\/div>\n<div id='slider_3413_slide02' class='sa_hover_container' style='padding:5% 5%; margin:0px 0%; background-image:url(&quot;https:\/\/gymnasium-bad-freienwalde.de\/1neuhp\/wp-content\/uploads\/2017\/12\/20171009_122920-2.jpg&quot;); background-position:center center; background-size:cover; background-repeat:no-repeat; '><p>&nbsp;<\/p>\r\n<p>&nbsp;<\/p>\r\n<p>&nbsp;<\/p>\r\n<p>&nbsp;<\/p>\r\n<p>&nbsp;<\/p>\r\n<p><img loading=\"lazy\" decoding=\"async\" class=\"size-medium wp-image-3445 alignright\" src=\"http:\/\/gymnasium-bad-freienwalde.de\/1neuhp\/wp-content\/uploads\/2018\/01\/schule_ohne_rassissmus-1-300x102.png\" alt=\"\" width=\"300\" height=\"102\" srcset=\"https:\/\/gymnasium-bad-freienwalde.de\/1neuhp\/wp-content\/uploads\/2018\/01\/schule_ohne_rassissmus-1-300x102.png 300w, https:\/\/gymnasium-bad-freienwalde.de\/1neuhp\/wp-content\/uploads\/2018\/01\/schule_ohne_rassissmus-1.png 400w\" sizes=\"auto, (max-width: 300px) 100vw, 300px\" \/><\/p><\/div>\n<div id='slider_3413_slide03' class='sa_hover_container' style='padding:5% 5%; margin:0px 0%; background-image:url(&quot;https:\/\/gymnasium-bad-freienwalde.de\/1neuhp\/wp-content\/uploads\/2018\/01\/image1-1.jpeg&quot;); background-position:center center; background-size:cover; background-repeat:no-repeat; '><p><span style=\"font-size: 16pt; color: #ffffff;\">Aula<\/span><\/p><\/div>\n<div id='slider_3413_slide04' class='sa_hover_container' style='padding:5% 5%; margin:0px 0%; background-image:url(&quot;https:\/\/gymnasium-bad-freienwalde.de\/1neuhp\/wp-content\/uploads\/2018\/01\/image1.jpeg&quot;); background-position:left top; background-size:cover; background-repeat:no-repeat; '><\/div>\n<div id='slider_3413_slide05' class='sa_hover_container' style='padding:5% 5%; margin:0px 0%; background-image:url(&quot;https:\/\/gymnasium-bad-freienwalde.de\/1neuhp\/wp-content\/uploads\/2018\/01\/image2-1.jpeg&quot;); background-position:center center; background-size:cover; background-repeat:no-repeat; '><\/div>\n<\/div>\n<\/div>\n<script type='text\/javascript'>\n\tjQuery(document).ready(function() {\n\t\tjQuery('#slider_3413').owlCarousel({\n\t\t\titems : 1,\n\t\t\tsmartSpeed : 200,\n\t\t\tautoplay : true,\n\t\t\tautoplayTimeout : 5000,\n\t\t\tautoplayHoverPause : true,\n\t\t\tsmartSpeed : 200,\n\t\t\tfluidSpeed : 200,\n\t\t\tautoplaySpeed : 200,\n\t\t\tnavSpeed : 200,\n\t\t\tdotsSpeed : 200,\n\t\t\tloop : true,\n\t\t\tnav : true,\n\t\t\tnavText : ['Previous','Next'],\n\t\t\tdots : true,\n\t\t\tresponsiveRefreshRate : 200,\n\t\t\tslideBy : 1,\n\t\t\tmergeFit : true,\n\t\t\tautoHeight : false,\n\t\t\tmouseDrag : true,\n\t\t\ttouchDrag : true\n\t\t});\n\t\tjQuery('#slider_3413').css('visibility', 'visible');\n\t\tsa_resize_slider_3413();\n\t\twindow.addEventListener('resize', sa_resize_slider_3413);\n\t\tfunction sa_resize_slider_3413() {\n\t\t\tvar min_height = '50';\n\t\t\tvar win_width = jQuery(window).width();\n\t\t\tvar slider_width = jQuery('#slider_3413').width();\n\t\t\tif (win_width < 480) {\n\t\t\t\tvar slide_width = slider_width \/ 1;\n\t\t\t} else if (win_width < 768) {\n\t\t\t\tvar slide_width = slider_width \/ 1;\n\t\t\t} else if (win_width < 980) {\n\t\t\t\tvar slide_width = slider_width \/ 1;\n\t\t\t} else if (win_width < 1200) {\n\t\t\t\tvar slide_width = slider_width \/ 1;\n\t\t\t} else if (win_width < 1500) {\n\t\t\t\tvar slide_width = slider_width \/ 1;\n\t\t\t} else {\n\t\t\t\tvar slide_width = slider_width \/ 1;\n\t\t\t}\n\t\t\tslide_width = Math.round(slide_width);\n\t\t\tvar slide_height = '0';\n\t\t\tif (min_height == 'aspect43') {\n\t\t\t\tslide_height = (slide_width \/ 4) * 3;\t\t\t\tslide_height = Math.round(slide_height);\n\t\t\t} else if (min_height == 'aspect169') {\n\t\t\t\tslide_height = (slide_width \/ 16) * 9;\t\t\t\tslide_height = Math.round(slide_height);\n\t\t\t} else {\n\t\t\t\tslide_height = (slide_width \/ 100) * min_height;\t\t\t\tslide_height = Math.round(slide_height);\n\t\t\t}\n\t\t\tjQuery('#slider_3413 .owl-item .sa_hover_container').css('min-height', slide_height+'px');\n\t\t}\n\t\tvar owl_goto = jQuery('#slider_3413');\n\t\tjQuery('.slider_3413_goto1').click(function(event){\n\t\t\towl_goto.trigger('to.owl.carousel', 0);\n\t\t});\n\t\tjQuery('.slider_3413_goto2').click(function(event){\n\t\t\towl_goto.trigger('to.owl.carousel', 1);\n\t\t});\n\t\tjQuery('.slider_3413_goto3').click(function(event){\n\t\t\towl_goto.trigger('to.owl.carousel', 2);\n\t\t});\n\t\tjQuery('.slider_3413_goto4').click(function(event){\n\t\t\towl_goto.trigger('to.owl.carousel', 3);\n\t\t});\n\t\tjQuery('.slider_3413_goto5').click(function(event){\n\t\t\towl_goto.trigger('to.owl.carousel', 4);\n\t\t});\n\t\tvar resize_3413 = jQuery('.owl-carousel');\n\t\tresize_3413.on('initialized.owl.carousel', function(e) {\n\t\t\tif (typeof(Event) === 'function') {\n\t\t\t\twindow.dispatchEvent(new Event('resize'));\n\t\t\t} else {\n\t\t\t\tvar evt = window.document.createEvent('UIEvents');\n\t\t\t\tevt.initUIEvent('resize', true, false, window, 0);\n\t\t\t\twindow.dispatchEvent(evt);\n\t\t\t}\n\t\t});\n\t});\n<\/script>\n\n<p><b>Schule in der Region<br \/>\n<\/b>Unsere Schule ist das einzige staatliche allgemeinbildende Gymnasium im Raum Bad Freienwalde. Unsere Region ist kleinst\u00e4dtisch und l\u00e4ndlich gepr\u00e4gt. Deshalb vermeidet das Bertolt-Brecht-Gymnasium eine zu enge Spezialisierung und bietet ein breit gef\u00e4chertes Bildungsangebot sowohl in der Sekundarstufe I und II als auch im Ganztagsbereich.<\/p>\n<p><b>Offen f\u00fcr die Welt<\/b><br \/>\nUnser Gymnasium bereitet die Sch\u00fclerinnen und Sch\u00fcler auf ein Studium an Universit\u00e4ten und Hochschulen vor. Es bef\u00e4higt sie zum Handeln in einem gemeinsamen Europa und zum Erwerb interkultureller Kompetenz. Es versetzt unsere Sch\u00fclerinnen und Sch\u00fcler in die Lage, soziale und politische Mitverantwortung in der Demokratie zu \u00fcbernehmen und f\u00f6rdert selbstst\u00e4ndiges Denken sowie eigenverantwortliches Handeln. In einer sich st\u00e4ndig ver\u00e4ndernden Welt ist unser Leitbild f\u00fcr die Zukunft offen und dementsprechend aktualisierbar. (Auszug aus dem Schulprogramm)<\/p>\n<p>Erworbene Titel unserer Schule sind: &#8220; Schule ohne Rassismus, Schule mit Courage&#8220; und &#8222;Schule mit hervorragender Berufsorientierung&#8220;.<\/p>\n<p><iframe loading=\"lazy\" width=\"780\" height=\"439\" src=\"https:\/\/www.youtube.com\/embed\/DtzoZWriK10?feature=oembed\" frameborder=\"0\" allow=\"autoplay; encrypted-media\" allowfullscreen><\/iframe><\/p>\n<p><code>\n<!-- NOTE: If you need to make changes to this file, copy it to your current theme's main\n\tdirectory so your changes won't be overwritten when the plugin is upgraded. -->\n\n<!-- Post Wrap Start-->\n<div class=\"post hentry ivycat-post\">\n\n\t<!-- \tThis outputs the post TITLE -->\n\t<h2 class=\"entry-title\"><a href=\"https:\/\/gymnasium-bad-freienwalde.de\/1neuhp\/2026\/01\/07\/trebnitz-2025\/\">Trebnitz 2025<\/a><\/h2>\n\n\t<!-- \tThis outputs the post EXCERPT.  To display full content including images and html,\n\t\treplace the_excerpt(); with the_content();  below. -->\n\t<div class=\"entry-summary\">\n\t\t<p>Im Dezember 2025 reisten, wie auch schon in den Jahren zuvor, Sch\u00fclerinnen und Sch\u00fcler der 10. Klasse zum Erasmus Europa Creativ Projekt nach Trebnitz. Schloss Trebnitz ist eine deutsch-polnische Begegnungsst\u00e4tte und richtet das Erasmus Projekt einmal j\u00e4hrlich aus. Sieben Tage <a class=\"more-link\" href=\"https:\/\/gymnasium-bad-freienwalde.de\/1neuhp\/2026\/01\/07\/trebnitz-2025\/\">weiterlesen&#8230;<\/a><\/p>\n\t<\/div>\n\n\t<!--\tThis outputs the post META information -->\n\t<div class=\"entry-utility\">\n\t\t\t\t\t<span class=\"cat-links\">\n\t\t\t\t<span class=\"entry-utility-prep entry-utility-prep-cat-links\">Posted in<\/span> <a href=\"https:\/\/gymnasium-bad-freienwalde.de\/1neuhp\/category\/aktuelle-beitraege\/\" rel=\"category tag\">Aktuelle Beitr\u00e4ge<\/a>, <a href=\"https:\/\/gymnasium-bad-freienwalde.de\/1neuhp\/category\/allgemein\/\" rel=\"category tag\">Allgemein<\/a>, <a href=\"https:\/\/gymnasium-bad-freienwalde.de\/1neuhp\/category\/fahrten-exkursionen\/\" rel=\"category tag\">Fahrten &amp; Exkursionen<\/a>, <a href=\"https:\/\/gymnasium-bad-freienwalde.de\/1neuhp\/category\/medienfit\/\" rel=\"category tag\">Medienfit<\/a>, <a href=\"https:\/\/gymnasium-bad-freienwalde.de\/1neuhp\/category\/schulleben\/partnerschule\/\" rel=\"category tag\">Partnerschule<\/a>, <a href=\"https:\/\/gymnasium-bad-freienwalde.de\/1neuhp\/category\/projekte\/\" rel=\"category tag\">Projekte<\/a>, <a href=\"https:\/\/gymnasium-bad-freienwalde.de\/1neuhp\/category\/schulleben\/reise\/\" rel=\"category tag\">Reise<\/a>, <a href=\"https:\/\/gymnasium-bad-freienwalde.de\/1neuhp\/category\/schulleben\/schulentwicklung\/\" rel=\"category tag\">Schulentwicklung<\/a>, <a href=\"https:\/\/gymnasium-bad-freienwalde.de\/1neuhp\/category\/schulleben\/veranstaltungen\/\" rel=\"category tag\">Veranstaltungen<\/a>\t\t\t<\/span>\n\t\t\t<span class=\"meta-sep\">|<\/span>\n\t\t\t\t\t\t<span class=\"comments-link\">\n\t\t\t<span>Kommentare deaktiviert<span class=\"screen-reader-text\"> f\u00fcr Trebnitz 2025<\/span><\/span>\t\t<\/span>\n\t\t\t<\/div>\n<\/div>\n<!-- \/\/ Post Wrap End -->\n\n<!-- NOTE: If you need to make changes to this file, copy it to your current theme's main\n\tdirectory so your changes won't be overwritten when the plugin is upgraded. -->\n\n<!-- Post Wrap Start-->\n<div class=\"post hentry ivycat-post\">\n\n\t<!-- \tThis outputs the post TITLE -->\n\t<h2 class=\"entry-title\"><a href=\"https:\/\/gymnasium-bad-freienwalde.de\/1neuhp\/2023\/05\/16\/bertis-bude-geht-voran\/\">&#8222;Bertis Bude&#8220; geht voran!<\/a><\/h2>\n\n\t<!-- \tThis outputs the post EXCERPT.  To display full content including images and html,\n\t\treplace the_excerpt(); with the_content();  below. -->\n\t<div class=\"entry-summary\">\n\t\t<p>Am 08.05. wurde der Beton geliefert und gegossen. Wir bedanken uns bei Herrn Neu!<\/p>\n\t<\/div>\n\n\t<!--\tThis outputs the post META information -->\n\t<div class=\"entry-utility\">\n\t\t\t\t\t<span class=\"cat-links\">\n\t\t\t\t<span class=\"entry-utility-prep entry-utility-prep-cat-links\">Posted in<\/span> <a href=\"https:\/\/gymnasium-bad-freienwalde.de\/1neuhp\/category\/aktuelle-beitraege\/\" rel=\"category tag\">Aktuelle Beitr\u00e4ge<\/a>, <a href=\"https:\/\/gymnasium-bad-freienwalde.de\/1neuhp\/category\/allgemein\/\" rel=\"category tag\">Allgemein<\/a>, <a href=\"https:\/\/gymnasium-bad-freienwalde.de\/1neuhp\/category\/projekte\/\" rel=\"category tag\">Projekte<\/a>, <a href=\"https:\/\/gymnasium-bad-freienwalde.de\/1neuhp\/category\/schulleben\/schulentwicklung\/\" rel=\"category tag\">Schulentwicklung<\/a>, <a href=\"https:\/\/gymnasium-bad-freienwalde.de\/1neuhp\/category\/schulleben\/\" rel=\"category tag\">Schulleben<\/a>\t\t\t<\/span>\n\t\t\t<span class=\"meta-sep\">|<\/span>\n\t\t\t\t\t\t<span class=\"comments-link\">\n\t\t\t<span>Kommentare deaktiviert<span class=\"screen-reader-text\"> f\u00fcr &#8222;Bertis Bude&#8220; geht voran!<\/span><\/span>\t\t<\/span>\n\t\t\t<\/div>\n<\/div>\n<!-- \/\/ Post Wrap End -->\n<\/code><\/p>\n","protected":false},"excerpt":{"rendered":"<p>Schule in der Region Unsere Schule ist das einzige staatliche allgemeinbildende Gymnasium im Raum Bad Freienwalde. Unsere Region ist kleinst\u00e4dtisch und l\u00e4ndlich gepr\u00e4gt. Deshalb vermeidet das Bertolt-Brecht-Gymnasium eine zu enge Spezialisierung und bietet ein breit gef\u00e4chertes Bildungsangebot sowohl in der <a class=\"more-link\" href=\"https:\/\/gymnasium-bad-freienwalde.de\/1neuhp\/2023\/05\/16\/bertis-bude-geht-voran\/\">weiterlesen&#8230;<\/a><\/p>\n","protected":false},"author":4,"featured_media":0,"parent":829,"menu_order":0,"comment_status":"closed","ping_status":"closed","template":"","meta":{"ngg_post_thumbnail":0,"footnotes":""},"class_list":["post-1343","page","type-page","status-publish","hentry","gallery-content-unit"],"_links":{"self":[{"href":"https:\/\/gymnasium-bad-freienwalde.de\/1neuhp\/wp-json\/wp\/v2\/pages\/1343","targetHints":{"allow":["GET"]}}],"collection":[{"href":"https:\/\/gymnasium-bad-freienwalde.de\/1neuhp\/wp-json\/wp\/v2\/pages"}],"about":[{"href":"https:\/\/gymnasium-bad-freienwalde.de\/1neuhp\/wp-json\/wp\/v2\/types\/page"}],"author":[{"embeddable":true,"href":"https:\/\/gymnasium-bad-freienwalde.de\/1neuhp\/wp-json\/wp\/v2\/users\/4"}],"replies":[{"embeddable":true,"href":"https:\/\/gymnasium-bad-freienwalde.de\/1neuhp\/wp-json\/wp\/v2\/comments?post=1343"}],"version-history":[{"count":15,"href":"https:\/\/gymnasium-bad-freienwalde.de\/1neuhp\/wp-json\/wp\/v2\/pages\/1343\/revisions"}],"predecessor-version":[{"id":5138,"href":"https:\/\/gymnasium-bad-freienwalde.de\/1neuhp\/wp-json\/wp\/v2\/pages\/1343\/revisions\/5138"}],"up":[{"embeddable":true,"href":"https:\/\/gymnasium-bad-freienwalde.de\/1neuhp\/wp-json\/wp\/v2\/pages\/829"}],"wp:attachment":[{"href":"https:\/\/gymnasium-bad-freienwalde.de\/1neuhp\/wp-json\/wp\/v2\/media?parent=1343"}],"curies":[{"name":"wp","href":"https:\/\/api.w.org\/{rel}","templated":true}]}}