{"id":13072,"date":"2023-12-05T15:07:33","date_gmt":"2023-12-05T14:07:33","guid":{"rendered":"https:\/\/gymnasium-bad-freienwalde.de\/1neuhp\/?page_id=13072"},"modified":"2023-12-12T13:33:52","modified_gmt":"2023-12-12T12:33:52","slug":"spiele-reiten","status":"publish","type":"page","link":"https:\/\/gymnasium-bad-freienwalde.de\/1neuhp\/spiele-reiten\/","title":{"rendered":"Spiele Reiten"},"content":{"rendered":"\n<p><strong>Und denkt ihr, dass ihr jetzt genug Wissen habt, um den Pferdef\u00fchrerschein zu bekommen?<\/strong>    <strong>Dann versucht es doch mit unserem <a href=\"https:\/\/quizlet.com\/de\/karteikarten\/pferdefuhrerschein-umgang-23-806786552?i=1e89xt&amp;x=1jqt\">Quizlet<\/a><a href=\"https:\/\/quizlet.com\/de\/k arteikarten\/pferdefuhrerschein-umgang-23-806786552?i=1e89xt&amp;x=1jqt\"> <\/a>und werdet zum Reitexperten.<\/strong><\/p>\n\n\n\n<p><\/p>\n\n\n<div class=\"wp-block-image\">\n<figure class=\"aligncenter size-full is-resized\"><img loading=\"lazy\" decoding=\"async\" src=\"https:\/\/gymnasium-bad-freienwalde.de\/1neuhp\/wp-content\/uploads\/2023\/11\/image-54.png\" alt=\"\" class=\"wp-image-13094\" width=\"246\" height=\"437\" srcset=\"https:\/\/gymnasium-bad-freienwalde.de\/1neuhp\/wp-content\/uploads\/2023\/11\/image-54.png 576w, https:\/\/gymnasium-bad-freienwalde.de\/1neuhp\/wp-content\/uploads\/2023\/11\/image-54-169x300.png 169w\" sizes=\"auto, (max-width: 246px) 100vw, 246px\" \/><\/figure><\/div>\n\n\n<p><\/p>\n\n\n\n<p><\/p>\n\n\n\n<p><strong>Oder wollt ihr erstmal unser etwas einfacheres R\u00e4tsel l\u00f6sen?<\/strong><\/p>\n\n\n\n<figure class=\"wp-block-image size-full is-resized\"><img loading=\"lazy\" decoding=\"async\" src=\"https:\/\/gymnasium-bad-freienwalde.de\/1neuhp\/wp-content\/uploads\/2023\/11\/image-37.png\" alt=\"\" class=\"wp-image-13073\" width=\"622\" height=\"443\" srcset=\"https:\/\/gymnasium-bad-freienwalde.de\/1neuhp\/wp-content\/uploads\/2023\/11\/image-37.png 1024w, https:\/\/gymnasium-bad-freienwalde.de\/1neuhp\/wp-content\/uploads\/2023\/11\/image-37-300x214.png 300w, https:\/\/gymnasium-bad-freienwalde.de\/1neuhp\/wp-content\/uploads\/2023\/11\/image-37-768x548.png 768w\" sizes=\"auto, (max-width: 622px) 100vw, 622px\" \/><\/figure>\n\n\n\n<p><\/p>\n\n\n\n<p><\/p>\n\n\n\n<p><strong>Oder m\u00fcsst ihr nochmal \u00fcben mit unserem Kahoot?<\/strong><\/p>\n\n\n\n<p><a href=\"https:\/\/create.kahoot.it\/share\/pferde-quiz\/3fdb552f-6af9-4e4a-b1c3-d77eecccaec5\">https:\/\/create.kahoot.it\/share\/pferde-quiz\/3fdb552f-6af9-4e4a-b1c3-d77eecccaec5<\/a><\/p>\n\n\n\n<p><\/p>\n\n\n\n<p><\/p>\n\n\n\n<p class=\"has-text-align-left\"><strong>Oder habt ihr mehr Lust auf Spiele?<\/strong><\/p>\n\n\n\n<figure class=\"wp-block-embed is-type-wp-embed is-provider-learningapps-org wp-block-embed-learningapps-org\"><div class=\"wp-block-embed__wrapper\">\n<iframe loading=\"lazy\" class=\"wp-embedded-content\" sandbox=\"allow-scripts\" security=\"restricted\" title=\"Pferde-Profi \" src=\"https:\/\/LearningApps.org\/watch?id=paahqzhx223#?secret=qjc8v5gF60\" data-secret=\"qjc8v5gF60\" frameborder=\"0\" width=\"950\" height=\"500\"><\/iframe>\n<\/div><\/figure>\n\n\n\n<p><strong>Oder ihr probiert euch beim Memorie.<\/strong><\/p>\n\n\n\n<p><\/p>\n\n\n\n<figure class=\"wp-block-embed is-type-wp-embed is-provider-learningapps-org wp-block-embed-learningapps-org\"><div class=\"wp-block-embed__wrapper\">\n<iframe loading=\"lazy\" class=\"wp-embedded-content\" sandbox=\"allow-scripts\" security=\"restricted\" title=\"Memory Fellfarben von Pferden\" src=\"https:\/\/LearningApps.org\/watch?id=ppf8ic1dj19#?secret=uFviLYyYdA\" data-secret=\"uFviLYyYdA\" frameborder=\"0\" width=\"950\" height=\"500\"><\/iframe>\n<\/div><\/figure>\n","protected":false},"excerpt":{"rendered":"<p>Und denkt ihr, dass ihr jetzt genug Wissen habt, um den Pferdef\u00fchrerschein zu bekommen? Dann versucht es doch mit unserem Quizlet und werdet zum Reitexperten. Oder wollt ihr erstmal unser etwas einfacheres R\u00e4tsel l\u00f6sen? Oder m\u00fcsst ihr nochmal \u00fcben mit <a class=\"more-link\" href=\"https:\/\/gymnasium-bad-freienwalde.de\/1neuhp\/spiele-reiten\/\">weiterlesen&#8230;<\/a><\/p>\n","protected":false},"author":1,"featured_media":0,"parent":0,"menu_order":0,"comment_status":"closed","ping_status":"closed","template":"","meta":{"ngg_post_thumbnail":0,"footnotes":""},"class_list":["post-13072","page","type-page","status-publish","hentry","gallery-content-unit"],"_links":{"self":[{"href":"https:\/\/gymnasium-bad-freienwalde.de\/1neuhp\/wp-json\/wp\/v2\/pages\/13072","targetHints":{"allow":["GET"]}}],"collection":[{"href":"https:\/\/gymnasium-bad-freienwalde.de\/1neuhp\/wp-json\/wp\/v2\/pages"}],"about":[{"href":"https:\/\/gymnasium-bad-freienwalde.de\/1neuhp\/wp-json\/wp\/v2\/types\/page"}],"author":[{"embeddable":true,"href":"https:\/\/gymnasium-bad-freienwalde.de\/1neuhp\/wp-json\/wp\/v2\/users\/1"}],"replies":[{"embeddable":true,"href":"https:\/\/gymnasium-bad-freienwalde.de\/1neuhp\/wp-json\/wp\/v2\/comments?post=13072"}],"version-history":[{"count":2,"href":"https:\/\/gymnasium-bad-freienwalde.de\/1neuhp\/wp-json\/wp\/v2\/pages\/13072\/revisions"}],"predecessor-version":[{"id":13303,"href":"https:\/\/gymnasium-bad-freienwalde.de\/1neuhp\/wp-json\/wp\/v2\/pages\/13072\/revisions\/13303"}],"wp:attachment":[{"href":"https:\/\/gymnasium-bad-freienwalde.de\/1neuhp\/wp-json\/wp\/v2\/media?parent=13072"}],"curies":[{"name":"wp","href":"https:\/\/api.w.org\/{rel}","templated":true}]}}