{"id":13051,"date":"2023-12-05T15:08:45","date_gmt":"2023-12-05T14:08:45","guid":{"rendered":"https:\/\/gymnasium-bad-freienwalde.de\/1neuhp\/?page_id=13051"},"modified":"2023-12-20T13:45:51","modified_gmt":"2023-12-20T12:45:51","slug":"ueber-uns-robotik","status":"publish","type":"page","link":"https:\/\/gymnasium-bad-freienwalde.de\/1neuhp\/ueber-uns-robotik\/","title":{"rendered":"\u00dcber uns Robotik"},"content":{"rendered":"\n<p><strong>Was wird in der AG gemacht?<\/strong><br>In der AG werden \u00fcberwiegend Roboter aus Lego gebaut und programmiert, wobei diese auch weder nur in Autoform gebaut werden noch nur auf das Geradeausfahren programmiert werden.<\/p>\n\n\n\n<figure class=\"wp-block-gallery has-nested-images columns-default is-cropped wp-block-gallery-1 is-layout-flex wp-block-gallery-is-layout-flex\">\n<figure class=\"wp-block-image size-large\"><img loading=\"lazy\" decoding=\"async\" width=\"1024\" height=\"768\" data-id=\"13338\" src=\"https:\/\/gymnasium-bad-freienwalde.de\/1neuhp\/wp-content\/uploads\/2023\/12\/image-32-1024x768.png\" alt=\"\" class=\"wp-image-13338\" srcset=\"https:\/\/gymnasium-bad-freienwalde.de\/1neuhp\/wp-content\/uploads\/2023\/12\/image-32-1024x768.png 1024w, https:\/\/gymnasium-bad-freienwalde.de\/1neuhp\/wp-content\/uploads\/2023\/12\/image-32-300x225.png 300w, https:\/\/gymnasium-bad-freienwalde.de\/1neuhp\/wp-content\/uploads\/2023\/12\/image-32-768x576.png 768w, https:\/\/gymnasium-bad-freienwalde.de\/1neuhp\/wp-content\/uploads\/2023\/12\/image-32-350x263.png 350w, https:\/\/gymnasium-bad-freienwalde.de\/1neuhp\/wp-content\/uploads\/2023\/12\/image-32-780x586.png 780w, https:\/\/gymnasium-bad-freienwalde.de\/1neuhp\/wp-content\/uploads\/2023\/12\/image-32-250x188.png 250w, https:\/\/gymnasium-bad-freienwalde.de\/1neuhp\/wp-content\/uploads\/2023\/12\/image-32.png 1080w\" sizes=\"auto, (max-width: 1024px) 100vw, 1024px\" \/><\/figure>\n\n\n\n<figure class=\"wp-block-image size-large\"><img loading=\"lazy\" decoding=\"async\" width=\"1024\" height=\"768\" data-id=\"13336\" src=\"https:\/\/gymnasium-bad-freienwalde.de\/1neuhp\/wp-content\/uploads\/2023\/12\/image-31-1024x768.png\" alt=\"\" class=\"wp-image-13336\" srcset=\"https:\/\/gymnasium-bad-freienwalde.de\/1neuhp\/wp-content\/uploads\/2023\/12\/image-31-1024x768.png 1024w, https:\/\/gymnasium-bad-freienwalde.de\/1neuhp\/wp-content\/uploads\/2023\/12\/image-31-300x225.png 300w, https:\/\/gymnasium-bad-freienwalde.de\/1neuhp\/wp-content\/uploads\/2023\/12\/image-31-768x576.png 768w, https:\/\/gymnasium-bad-freienwalde.de\/1neuhp\/wp-content\/uploads\/2023\/12\/image-31-350x263.png 350w, https:\/\/gymnasium-bad-freienwalde.de\/1neuhp\/wp-content\/uploads\/2023\/12\/image-31-780x586.png 780w, https:\/\/gymnasium-bad-freienwalde.de\/1neuhp\/wp-content\/uploads\/2023\/12\/image-31-250x188.png 250w, https:\/\/gymnasium-bad-freienwalde.de\/1neuhp\/wp-content\/uploads\/2023\/12\/image-31.png 1080w\" sizes=\"auto, (max-width: 1024px) 100vw, 1024px\" \/><\/figure>\n\n\n\n<figure class=\"wp-block-image size-large\"><img loading=\"lazy\" decoding=\"async\" width=\"1024\" height=\"768\" data-id=\"13335\" src=\"https:\/\/gymnasium-bad-freienwalde.de\/1neuhp\/wp-content\/uploads\/2023\/12\/image-30-1024x768.png\" alt=\"\" class=\"wp-image-13335\" srcset=\"https:\/\/gymnasium-bad-freienwalde.de\/1neuhp\/wp-content\/uploads\/2023\/12\/image-30-1024x768.png 1024w, https:\/\/gymnasium-bad-freienwalde.de\/1neuhp\/wp-content\/uploads\/2023\/12\/image-30-300x225.png 300w, https:\/\/gymnasium-bad-freienwalde.de\/1neuhp\/wp-content\/uploads\/2023\/12\/image-30-768x576.png 768w, https:\/\/gymnasium-bad-freienwalde.de\/1neuhp\/wp-content\/uploads\/2023\/12\/image-30-350x263.png 350w, https:\/\/gymnasium-bad-freienwalde.de\/1neuhp\/wp-content\/uploads\/2023\/12\/image-30-780x586.png 780w, https:\/\/gymnasium-bad-freienwalde.de\/1neuhp\/wp-content\/uploads\/2023\/12\/image-30-250x188.png 250w, https:\/\/gymnasium-bad-freienwalde.de\/1neuhp\/wp-content\/uploads\/2023\/12\/image-30.png 1080w\" sizes=\"auto, (max-width: 1024px) 100vw, 1024px\" \/><\/figure>\n\n\n\n<figure class=\"wp-block-image size-large\"><img loading=\"lazy\" decoding=\"async\" width=\"1024\" height=\"768\" data-id=\"13334\" src=\"https:\/\/gymnasium-bad-freienwalde.de\/1neuhp\/wp-content\/uploads\/2023\/12\/image-29-1024x768.png\" alt=\"\" class=\"wp-image-13334\" srcset=\"https:\/\/gymnasium-bad-freienwalde.de\/1neuhp\/wp-content\/uploads\/2023\/12\/image-29-1024x768.png 1024w, https:\/\/gymnasium-bad-freienwalde.de\/1neuhp\/wp-content\/uploads\/2023\/12\/image-29-300x225.png 300w, https:\/\/gymnasium-bad-freienwalde.de\/1neuhp\/wp-content\/uploads\/2023\/12\/image-29-768x576.png 768w, https:\/\/gymnasium-bad-freienwalde.de\/1neuhp\/wp-content\/uploads\/2023\/12\/image-29-350x263.png 350w, https:\/\/gymnasium-bad-freienwalde.de\/1neuhp\/wp-content\/uploads\/2023\/12\/image-29-780x586.png 780w, https:\/\/gymnasium-bad-freienwalde.de\/1neuhp\/wp-content\/uploads\/2023\/12\/image-29-250x188.png 250w, https:\/\/gymnasium-bad-freienwalde.de\/1neuhp\/wp-content\/uploads\/2023\/12\/image-29.png 1080w\" sizes=\"auto, (max-width: 1024px) 100vw, 1024px\" \/><\/figure>\n\n\n\n<figure class=\"wp-block-image size-large\"><img loading=\"lazy\" decoding=\"async\" width=\"768\" height=\"1024\" data-id=\"13333\" src=\"https:\/\/gymnasium-bad-freienwalde.de\/1neuhp\/wp-content\/uploads\/2023\/12\/image-28-768x1024.png\" alt=\"\" class=\"wp-image-13333\" srcset=\"https:\/\/gymnasium-bad-freienwalde.de\/1neuhp\/wp-content\/uploads\/2023\/12\/image-28-768x1024.png 768w, https:\/\/gymnasium-bad-freienwalde.de\/1neuhp\/wp-content\/uploads\/2023\/12\/image-28-225x300.png 225w, https:\/\/gymnasium-bad-freienwalde.de\/1neuhp\/wp-content\/uploads\/2023\/12\/image-28.png 810w\" sizes=\"auto, (max-width: 768px) 100vw, 768px\" \/><\/figure>\n<\/figure>\n\n\n\n<p><strong>Wie oft trifft sich die AG (in der Woche)?<\/strong><br>Die Robotik ist immer Dienstags im vierten Block oder im WPU (Wahlpflichtunterricht). Manchmal machen wir auch Teamtage, um in Ruhe zu basteln und auszuprobieren.<br><\/p>\n\n\n<div class=\"wp-block-image\">\n<figure class=\"aligncenter size-full is-resized\"><img loading=\"lazy\" decoding=\"async\" src=\"https:\/\/gymnasium-bad-freienwalde.de\/1neuhp\/wp-content\/uploads\/2023\/11\/20211102_131704-768x1024-1.jpg\" alt=\"\" class=\"wp-image-13056\" width=\"248\" height=\"330\" srcset=\"https:\/\/gymnasium-bad-freienwalde.de\/1neuhp\/wp-content\/uploads\/2023\/11\/20211102_131704-768x1024-1.jpg 768w, https:\/\/gymnasium-bad-freienwalde.de\/1neuhp\/wp-content\/uploads\/2023\/11\/20211102_131704-768x1024-1-225x300.jpg 225w\" sizes=\"auto, (max-width: 248px) 100vw, 248px\" \/><\/figure><\/div>\n\n\n<p><strong>Wie l\u00e4uft die Stunde?<\/strong><br>Man kann gemeinsam mit seinen Mitsch\u00fclern an den Fertigkeiten seines<br>Roboters feilen und ausprobieren oder den Roboter umbauen, um ihn zu verbessern. Im Unterricht pr\u00e4sentieren wir in regelm\u00e4\u00dfigen Abst\u00e4nden unsere Ergebnisse. <br><\/p>\n\n\n<div class=\"wp-block-image\">\n<figure class=\"aligncenter size-full is-resized\"><img loading=\"lazy\" decoding=\"async\" src=\"https:\/\/gymnasium-bad-freienwalde.de\/1neuhp\/wp-content\/uploads\/2023\/11\/20211102_131757-768x1024-1.jpg\" alt=\"\" class=\"wp-image-13055\" width=\"243\" height=\"324\" srcset=\"https:\/\/gymnasium-bad-freienwalde.de\/1neuhp\/wp-content\/uploads\/2023\/11\/20211102_131757-768x1024-1.jpg 768w, https:\/\/gymnasium-bad-freienwalde.de\/1neuhp\/wp-content\/uploads\/2023\/11\/20211102_131757-768x1024-1-225x300.jpg 225w\" sizes=\"auto, (max-width: 243px) 100vw, 243px\" \/><\/figure><\/div>\n\n\n<p><strong>Etwas besonderes?<\/strong><br>Wir programmieren nicht nur Roboter, sondern hin und wieder auch Spiele<br>mit Scratch.com und arbeiten auch an einem Forschungsprojekt.<br><\/p>\n\n\n<div class=\"wp-block-image\">\n<figure class=\"aligncenter size-large is-resized\"><img loading=\"lazy\" decoding=\"async\" src=\"https:\/\/gymnasium-bad-freienwalde.de\/1neuhp\/wp-content\/uploads\/2023\/11\/grafik-1024x430.png\" alt=\"\" class=\"wp-image-13054\" width=\"574\" height=\"241\" srcset=\"https:\/\/gymnasium-bad-freienwalde.de\/1neuhp\/wp-content\/uploads\/2023\/11\/grafik-1024x430.png 1024w, https:\/\/gymnasium-bad-freienwalde.de\/1neuhp\/wp-content\/uploads\/2023\/11\/grafik-300x126.png 300w, https:\/\/gymnasium-bad-freienwalde.de\/1neuhp\/wp-content\/uploads\/2023\/11\/grafik-768x322.png 768w, https:\/\/gymnasium-bad-freienwalde.de\/1neuhp\/wp-content\/uploads\/2023\/11\/grafik-1536x645.png 1536w, https:\/\/gymnasium-bad-freienwalde.de\/1neuhp\/wp-content\/uploads\/2023\/11\/grafik.png 1811w\" sizes=\"auto, (max-width: 574px) 100vw, 574px\" \/><\/figure><\/div>\n\n\n<p><strong>Nimmt die Robotik AG auch an Turnieren teil?<\/strong><br>Es findet j\u00e4hrlich ein gro\u00dfes Turnier, First Lego League, statt bei der unser<br>FLL Team mit seinem Roboter antritt um das K\u00f6nnen des Roboters zu<br>zeigen. Dabei gibt es Punkte f\u00fcr Roboterdesign(wie ist der Roboter aufgebaut\/<br>Welche Funktionen erf\u00fcllen die jeweiligen Teile\/Aufs\u00e4tze?, Grundwerte<br>(Zusammenarbeit und Miteinander im Team) und das Robot-Game (Die<br>Leistung auf dem Spielfeld). Daf\u00fcr haben wir auch schon Preise gewonnen.<\/p>\n\n\n<div class=\"wp-block-image\">\n<figure class=\"aligncenter size-large is-resized\"><img loading=\"lazy\" decoding=\"async\" src=\"https:\/\/gymnasium-bad-freienwalde.de\/1neuhp\/wp-content\/uploads\/2023\/11\/20230121_135204-scaled-1-1024x768.jpg\" alt=\"\" class=\"wp-image-13053\" width=\"349\" height=\"262\" srcset=\"https:\/\/gymnasium-bad-freienwalde.de\/1neuhp\/wp-content\/uploads\/2023\/11\/20230121_135204-scaled-1-1024x768.jpg 1024w, https:\/\/gymnasium-bad-freienwalde.de\/1neuhp\/wp-content\/uploads\/2023\/11\/20230121_135204-scaled-1-300x225.jpg 300w, https:\/\/gymnasium-bad-freienwalde.de\/1neuhp\/wp-content\/uploads\/2023\/11\/20230121_135204-scaled-1-768x576.jpg 768w, https:\/\/gymnasium-bad-freienwalde.de\/1neuhp\/wp-content\/uploads\/2023\/11\/20230121_135204-scaled-1-1536x1152.jpg 1536w, https:\/\/gymnasium-bad-freienwalde.de\/1neuhp\/wp-content\/uploads\/2023\/11\/20230121_135204-scaled-1-2048x1536.jpg 2048w, https:\/\/gymnasium-bad-freienwalde.de\/1neuhp\/wp-content\/uploads\/2023\/11\/20230121_135204-scaled-1-350x263.jpg 350w, https:\/\/gymnasium-bad-freienwalde.de\/1neuhp\/wp-content\/uploads\/2023\/11\/20230121_135204-scaled-1-780x586.jpg 780w, https:\/\/gymnasium-bad-freienwalde.de\/1neuhp\/wp-content\/uploads\/2023\/11\/20230121_135204-scaled-1-250x188.jpg 250w\" sizes=\"auto, (max-width: 349px) 100vw, 349px\" \/><\/figure><\/div>\n\n\n<p class=\"has-text-align-center\"><strong>Unsere Erfolge!!!<\/strong><\/p>\n\n\n\n<p class=\"has-text-align-center\">2023 Talsandschule in Schwedt\/Oder Platz 2 f\u00fcr Robot-Game<\/p>\n\n\n\n<p class=\"has-text-align-center\">2023 nominiert f\u00fcr Roboterdesign<\/p>\n\n\n\n<p class=\"has-text-align-center\">2022 Talsandschule in Schwedt\/Oder Platz 3 f\u00fcr Champion<\/p>\n\n\n\n<p class=\"has-text-align-center\">2022 Talsandschule in Schwedt\/Oder Platz 1 f\u00fcr Grundwerte<\/p>\n\n\n\n<p class=\"has-text-align-center\">2022 Semifinale in Aachen  Platz 12 f\u00fcr die Gesamtwertung<\/p>\n\n\n\n<p class=\"has-text-align-center\">2022 Semifinale in Aachen Platz 7 f\u00fcr Forschung<\/p>\n\n\n<div class=\"wp-block-image\">\n<figure class=\"aligncenter size-large is-resized\"><img loading=\"lazy\" decoding=\"async\" src=\"https:\/\/gymnasium-bad-freienwalde.de\/1neuhp\/wp-content\/uploads\/2023\/11\/20230121_160305-scaled-2-768x1024.jpg\" alt=\"\" class=\"wp-image-13052\" width=\"229\" height=\"305\" srcset=\"https:\/\/gymnasium-bad-freienwalde.de\/1neuhp\/wp-content\/uploads\/2023\/11\/20230121_160305-scaled-2-768x1024.jpg 768w, https:\/\/gymnasium-bad-freienwalde.de\/1neuhp\/wp-content\/uploads\/2023\/11\/20230121_160305-scaled-2-225x300.jpg 225w, https:\/\/gymnasium-bad-freienwalde.de\/1neuhp\/wp-content\/uploads\/2023\/11\/20230121_160305-scaled-2-1152x1536.jpg 1152w, https:\/\/gymnasium-bad-freienwalde.de\/1neuhp\/wp-content\/uploads\/2023\/11\/20230121_160305-scaled-2-1536x2048.jpg 1536w, https:\/\/gymnasium-bad-freienwalde.de\/1neuhp\/wp-content\/uploads\/2023\/11\/20230121_160305-scaled-2.jpg 1920w\" sizes=\"auto, (max-width: 229px) 100vw, 229px\" \/><\/figure><\/div>\n\n\n<figure class=\"wp-block-gallery has-nested-images columns-default is-cropped wp-block-gallery-2 is-layout-flex wp-block-gallery-is-layout-flex\">\n<figure class=\"wp-block-image size-large\"><img loading=\"lazy\" decoding=\"async\" width=\"1024\" height=\"768\" data-id=\"13313\" src=\"https:\/\/gymnasium-bad-freienwalde.de\/1neuhp\/wp-content\/uploads\/2023\/12\/image-27-1024x768.png\" alt=\"\" class=\"wp-image-13313\" srcset=\"https:\/\/gymnasium-bad-freienwalde.de\/1neuhp\/wp-content\/uploads\/2023\/12\/image-27-1024x768.png 1024w, https:\/\/gymnasium-bad-freienwalde.de\/1neuhp\/wp-content\/uploads\/2023\/12\/image-27-300x225.png 300w, https:\/\/gymnasium-bad-freienwalde.de\/1neuhp\/wp-content\/uploads\/2023\/12\/image-27-768x576.png 768w, https:\/\/gymnasium-bad-freienwalde.de\/1neuhp\/wp-content\/uploads\/2023\/12\/image-27-1536x1152.png 1536w, https:\/\/gymnasium-bad-freienwalde.de\/1neuhp\/wp-content\/uploads\/2023\/12\/image-27-350x263.png 350w, https:\/\/gymnasium-bad-freienwalde.de\/1neuhp\/wp-content\/uploads\/2023\/12\/image-27-780x586.png 780w, https:\/\/gymnasium-bad-freienwalde.de\/1neuhp\/wp-content\/uploads\/2023\/12\/image-27-250x188.png 250w, https:\/\/gymnasium-bad-freienwalde.de\/1neuhp\/wp-content\/uploads\/2023\/12\/image-27.png 1920w\" sizes=\"auto, (max-width: 1024px) 100vw, 1024px\" \/><\/figure>\n\n\n\n<figure class=\"wp-block-image size-large\"><img loading=\"lazy\" decoding=\"async\" width=\"1024\" height=\"768\" data-id=\"13312\" src=\"https:\/\/gymnasium-bad-freienwalde.de\/1neuhp\/wp-content\/uploads\/2023\/12\/image-26-1024x768.png\" alt=\"\" class=\"wp-image-13312\" srcset=\"https:\/\/gymnasium-bad-freienwalde.de\/1neuhp\/wp-content\/uploads\/2023\/12\/image-26-1024x768.png 1024w, https:\/\/gymnasium-bad-freienwalde.de\/1neuhp\/wp-content\/uploads\/2023\/12\/image-26-300x225.png 300w, https:\/\/gymnasium-bad-freienwalde.de\/1neuhp\/wp-content\/uploads\/2023\/12\/image-26-768x576.png 768w, https:\/\/gymnasium-bad-freienwalde.de\/1neuhp\/wp-content\/uploads\/2023\/12\/image-26-1536x1152.png 1536w, https:\/\/gymnasium-bad-freienwalde.de\/1neuhp\/wp-content\/uploads\/2023\/12\/image-26-350x263.png 350w, https:\/\/gymnasium-bad-freienwalde.de\/1neuhp\/wp-content\/uploads\/2023\/12\/image-26-780x586.png 780w, https:\/\/gymnasium-bad-freienwalde.de\/1neuhp\/wp-content\/uploads\/2023\/12\/image-26-250x188.png 250w, https:\/\/gymnasium-bad-freienwalde.de\/1neuhp\/wp-content\/uploads\/2023\/12\/image-26.png 1920w\" sizes=\"auto, (max-width: 1024px) 100vw, 1024px\" \/><\/figure>\n<\/figure>\n","protected":false},"excerpt":{"rendered":"<p>Was wird in der AG gemacht?In der AG werden \u00fcberwiegend Roboter aus Lego gebaut und programmiert, wobei diese auch weder nur in Autoform gebaut werden noch nur auf das Geradeausfahren programmiert werden. Wie oft trifft sich die AG (in der <a class=\"more-link\" href=\"https:\/\/gymnasium-bad-freienwalde.de\/1neuhp\/ueber-uns-robotik\/\">weiterlesen&#8230;<\/a><\/p>\n","protected":false},"author":1,"featured_media":0,"parent":0,"menu_order":0,"comment_status":"closed","ping_status":"closed","template":"","meta":{"ngg_post_thumbnail":0,"footnotes":""},"class_list":["post-13051","page","type-page","status-publish","hentry","gallery-content-unit"],"_links":{"self":[{"href":"https:\/\/gymnasium-bad-freienwalde.de\/1neuhp\/wp-json\/wp\/v2\/pages\/13051","targetHints":{"allow":["GET"]}}],"collection":[{"href":"https:\/\/gymnasium-bad-freienwalde.de\/1neuhp\/wp-json\/wp\/v2\/pages"}],"about":[{"href":"https:\/\/gymnasium-bad-freienwalde.de\/1neuhp\/wp-json\/wp\/v2\/types\/page"}],"author":[{"embeddable":true,"href":"https:\/\/gymnasium-bad-freienwalde.de\/1neuhp\/wp-json\/wp\/v2\/users\/1"}],"replies":[{"embeddable":true,"href":"https:\/\/gymnasium-bad-freienwalde.de\/1neuhp\/wp-json\/wp\/v2\/comments?post=13051"}],"version-history":[{"count":3,"href":"https:\/\/gymnasium-bad-freienwalde.de\/1neuhp\/wp-json\/wp\/v2\/pages\/13051\/revisions"}],"predecessor-version":[{"id":13437,"href":"https:\/\/gymnasium-bad-freienwalde.de\/1neuhp\/wp-json\/wp\/v2\/pages\/13051\/revisions\/13437"}],"wp:attachment":[{"href":"https:\/\/gymnasium-bad-freienwalde.de\/1neuhp\/wp-json\/wp\/v2\/media?parent=13051"}],"curies":[{"name":"wp","href":"https:\/\/api.w.org\/{rel}","templated":true}]}}